uppose 4*u + 4 = 6*u. Suppose 2*z = q - 12, -z - 11 = u*q + 2*z. Suppose 2196 + 149 = 5*t - 5*j, -q*t = 3*j - 938. Is t a composite number?
True
Let f(h) = -3219*h**3 + 5*h**2 + 13*h + 16. Is f(-3) composite?
True
Let j be 50/(-5)*1/(-2). Suppose 920 = 5*m + j*v, -v + 6*v = -2*m + 377. Is m composite?
False
Let v(s) = s**3 + 63*s**2 - 84*s - 378. Is v(-62) composite?
True
Let r(d) = -260*d**3 + 4*d**2 + 17*d + 71. Is r(-6) a prime number?
False
Let w be 60355/25 - 2/10. Let g = w - 1495. Is g a composite number?
False
Let j(k) = k**2 - 3*k - 4. Let w be j(5). Suppose -5*q - w*p + 14227 = -8*p, -5*q + 5*p = -14230. Is q prime?
False
Let r = 27 + -36. Is (8 + -1)*(-3)/(r/447) prime?
False
Let b = 11 - 9. Suppose -4*y + 237 = f, -f - b*y + 6*y + 205 = 0. Is f prime?
False
Let q = 15473 - 4482. Is q a prime number?
False
Suppose 5*h + 4*w = 112 - 512, 4*h - 4*w + 284 = 0. Let r = h + 136. Let t = r + -23. Is t prime?
True
Let i(x) be the second derivative of -1041*x**5/20 + x**3/3 + x**2 - 3*x. Is i(-1) a prime number?
False
Let d = -23 + 33. Suppose -2*l + 0 = -d. Suppose 6*v = 5*o + 2*v - 2253, -l*o = 3*v - 2239. Is o a composite number?
False
Suppose 22 = -s + 94. Is 7322/18 + 16/s prime?
False
Suppose -8 = 3*t + 7, 0 = 3*c - 4*t - 488. Suppose 4*s + 26*j - 24*j - 252 = 0, 240 = 4*s - j. Let k = c - s. Is k a prime number?
False
Suppose -40688 = 181*t - 186*t - 3*j, 2*t = -4*j + 16278. Is t a prime number?
False
Let v(a) = -1704*a + 49. Is v(-2) prime?
True
Suppose -4*i + 7323 = 5*l, 470 + 1372 = i - l. Is i prime?
False
Suppose u - 8 = -3*u, -4*y - 2*u + 2080 = 0. Let t = y + -212. Is t prime?
True
Let n be (16/(-6))/(-1) + (-1)/(-3). Suppose -n*o + 64 = -1193. Is o prime?
True
Suppose -o + 145*y - 141*y + 8687 = 0, 2*o - 17434 = -4*y. Is o a prime number?
True
Let y = -4507 + 8100. Is y prime?
True
Let c(f) = 251*f**2 + 16*f - 17. Is c(4) composite?
True
Suppose -3*g - 3*v + 20816 = -8*v, -25 = -5*v. Is g a prime number?
True
Let a(o) = -o. Let y be a(2). Let v(q) = -78*q + 7. Is v(y) composite?
False
Is (-7 + 9)*(1 - 12717/(-6)) a composite number?
False
Let p = -13 - -17. Suppose -3*x - z + 14 = 0, 0*x + p*z + 12 = 5*x. Suppose 356 = 4*f - 4*k, 3*f - x*f - 3*k = -73. Is f composite?
True
Let w(l) = 16*l**2 + l + 1. Let f be 1*(-4 - 6/3). Is w(f) a prime number?
True
Suppose 18*r = 13*r - 2*q + 8249, q + 4956 = 3*r. Is r prime?
False
Let o = 11969 - -630. Is o a composite number?
True
Let q(f) = f**3 + 9*f**2 + 11*f + 10. Let k be q(-8). Let m = 8 + k. Is 2408/42*m/(-4) composite?
True
Let z(k) = -606*k**2 - 4*k + 9. Let v be z(5). Let g = -8070 - v. Is g prime?
False
Suppose 24*w = 26*w - 17714. Is w composite?
True
Let q = 8120 - 4271. Is q composite?
True
Let p(o) = -59*o + 3593. Is p(0) prime?
True
Let p be 1*(-2)/(-5 + 4). Let x be 55*(p + 4 - 4). Is -6*4/(-8) + x a prime number?
True
Suppose 4*i = 8, -3*l + 6450 = 3*i - 5319. Is l a prime number?
False
Let w = 12 + -9. Let v(g) = -197*g - 1. Let f be v(-1). Suppose 2*o + 2*h + 333 = 7*o, -5*h - f = -w*o. Is o a composite number?
False
Let v = -5770 - -12159. Is v prime?
True
Is (-2)/(-10) - 4678208/(-160) a composite number?
True
Let n(c) = 31*c**2 + 29*c + 79. Is n(-14) a prime number?
True
Let d(m) = 644*m**2 + 2*m + 6. Let f be d(-5). Suppose 0 = -3*b + 9, 5*v - f = 4*b - b. Is v a prime number?
True
Suppose -7*t + 12*t + 6130 = 0. Let l = -757 - t. Is l composite?
True
Let w = -987 + 1968. Let i be w/2 - (-10)/(-20). Let q = i - -75. Is q a composite number?
True
Let n(q) = -9*q - 4 - 9 + q + 4*q**2. Suppose -5*u = -5*d + 25, 5*d = 4*u + 5 + 22. Is n(d) a prime number?
True
Suppose k + 6*t - t - 3 = 0, 3*k = -3*t + 9. Let s be 2/6 - 1/k. Is 4 + (2 - (s + -188)) prime?
False
Suppose u + 3*z = 19, 3*u = 2*u - 2*z + 17. Let s(t) = t**3 + 9 + t - t - 5*t**2 + 0. Is s(u) a prime number?
True
Let g = 481 - 229. Let b = 475 - g. Is b composite?
False
Let z = 150 + 556. Suppose -4191 + z = -5*h. Is h a prime number?
False
Let l be -4 + 6/2 + 3. Let c(y) = y**3 - 3*y**2 + y + 2. Let z be c(3). Suppose l*j = q - j - 19, -q - z = 3*j. Is q prime?
True
Suppose 0 = -v - 4*f + 3435, -13710 = -4*v - 0*v - f. Is v prime?
False
Suppose 9*c - 5*r = 10*c - 1473, 3*r = 0. Is c a composite number?
True
Suppose -3*h - 318425 = -4*u + 67631, 2*u = h + 193030. Is u a composite number?
False
Suppose -20960 = -9*n - 7*n. Let z(b) = -b**3 - 8*b**2 - 2*b - 8. Let y be z(7). Let v = y + n. Is v prime?
False
Let x = 709 + 198. Is x a prime number?
True
Let v = 298 + -200. Suppose v = 2*c - 72. Is c a prime number?
False
Let p(z) = z**3 + 5*z**2 - 4*z + 1. Let w be p(-5). Suppose 3*b - 4*j - w = 0, 0*b - 4*b - 4*j = 0. Suppose b*x + 37 = 202. Is x a composite number?
True
Let k(c) = 547*c**2 - 8*c + 5. Is k(2) composite?
True
Is ((-6)/(-4))/((-69)/(-233542)) a composite number?
False
Let s(d) = -5*d**2 + 3*d - 10. Let a(b) = -2*b**2 + 2*b - 5. Let r(n) = 7*a(n) - 4*s(n). Suppose 3*v - 1 + 16 = 0. Is r(v) composite?
True
Let l = -10 + 7. Let j be -2 - -4 - l/1. Suppose -j*q + 387 = 4*m, 2*m + 84 = 3*m - 3*q. Is m composite?
True
Is (-5 + 124/6)*9 a prime number?
False
Let p = 24 + -50. Is -173*(2 + 0)/4*p a composite number?
True
Let f = 24 - 44. Is ((-86)/(-8))/((-5)/f) a composite number?
False
Let h be (-4)/14 + (-69)/(-21). Suppose -3*m + 5 = -v, 2*m - h - 7 = -v. Suppose -b + 147 = -4*c, -6*c - 391 = -3*b - v*c. Is b composite?
False
Suppose n - 3*s = 3*n + 12, 16 = 2*n - 4*s. Let p be (-7)/((-14)/4) - n. Suppose -f + 33 = -p. Is f a prime number?
False
Is (-20)/(-160) + (-597)/(-24) composite?
True
Let s(v) be the first derivative of -5*v**3 + v**2/2 + 2*v + 3. Let d be s(-1). Let g(u) = -u + 1. Is g(d) prime?
False
Let a(p) = -42*p**3 + p**2 + 3*p - 1. Let i(g) = -83*g**3 + 3*g**2 + 6*g - 2. Let q(z) = -5*a(z) + 2*i(z). Is q(1) prime?
True
Let i(a) = 990*a**2 + a. Let l(h) = -6*h + 1 - 7*h + 2*h + h**3 - 27*h**2 + 17*h**2. Let m be l(11). Is i(m) a prime number?
True
Let u(x) = -846*x + 35. Let c be u(-10). Suppose n + 1827 + 295 = o, 3*n - c = -4*o. Is o prime?
False
Let s(r) = -256*r - 37. Is s(-9) a composite number?
False
Let q be (-21188)/(-11) - (159/(-33) + 5). Let o = -880 + q. Is o a composite number?
True
Let d(r) = -23*r**2 + 6*r + 6. Let b be d(8). Let l = -2225 - b. Let v = -112 - l. Is v prime?
False
Let i(a) = -a**2 + 4*a + 3. Let f be i(4). Suppose f*z - 5322 = -3*z. Is z a prime number?
True
Let j(f) = f**3 - 3*f**2 - 5. Let a(o) = 9*o - 5. Let r(m) = -m. Let q(s) = a(s) + 3*r(s). Let n be q(2). Is j(n) a prime number?
True
Let l(s) = 60*s**2 + 68*s + 55. Is l(19) prime?
False
Let w be 9/1 + (-11 - -7). Is ((-935)/w)/((-2)/(1 - -1)) prime?
False
Let t(d) = 19*d + 27. Let p be t(-9). Suppose f + 1063 = -4*i, -4*f - f - 15 = 0. Let r = p - i. Is r a prime number?
False
Let s(d) = -d**3 + 9*d**2 - 9*d + 7. Let f be s(8). Is (-570)/(-4) - f/2 prime?
False
Suppose g - 17 = -4*o - 4, 3*o - 24 = 4*g. Suppose 5*n - b = -14, 2*n + o = -2*n - b. Is n/12 - 1713/(-18) prime?
False
Let s(d) = 232*d**3 + 37*d**2 - 118*d + 2. Is s(3) a composite number?
True
Let q(i) be the second derivative of -i**5/20 + 7*i**4/6 - 8*i**3/3 + 7*i**2/2 + 5*i. Is q(12) composite?
False
Suppose -i + 3*d = 2*i - 7398, -5*i + 4*d + 12325 = 0. Is i a prime number?
False
Let r(h) = 17*h + 33. Let g(a) = 2*a - 14. Let u be g(17). Is r(u) a prime number?
True
Let i = -1 + -1. Let c(f) = -4*f**3 - 2*f**2 - 3*f - 6. Let s(d) = -5*d**3 - 2*d**2 - 3*d - 5. Let y(k) = i*c(k) + 3*s(k). Is y(-3) a prime number?
False
Suppose -4*s - 4*a + 168 = 0, -3*s + 186 = 2*s - 3*a. Let r = -8 + s. Is r a prime number?
True
Let w(a) = 993*a**3 - 2*a**2 - 10*a + 34. Is w(3) a composite number?
True
Let g = -22 + 12. Is 23 - 1/((-5)/g) composite?
True
Let t = -20738 - -42451. Is t composite?
False
Let b = 191 + -96. Let w = 2 + b. Is w composite?
False
Suppose -5*x - 5*s - 4 = -24, -x - 2*s + 8 = 0. Suppose r + 4*j - 973 = 0, r - 4*r - 3*j + 2919 = x. Is r a composite number?
True
Let y be (16 - 9) + 8/(-2). Is 1 + 426/y + 2 prime?
False
Suppose 2*z = -0*z + 30. Let f be 10*((-18)/z)/(-3). Is (f + -6)*94/(-4) a prime number?
True
Let z be (-6)/27*3 + (-1102)/3. Let p = z - -615. Is p composite?
True
Suppose n = 5*n + 24. Let l(u) = -144*u - 25. 